
What is 46 (base 7) in base 4?
202
-1111 (base 2) to base 4
-33
4a (base 13) to base 16
3e
What is 9 (base 14) in base 8?
11
What is -32 (base 6) in base 10?
-20
-4 (base 13) to base 14
-4
Convert -17 (base 9) to base 16.
-10
Convert 4 (base 16) to base 14.
4
-20 (base 4) to base 9
-8
35 (base 9) to base 16
20
What is 3 (base 9) in base 11?
3
Convert 20 (base 3) to base 10.
6
-4 (base 6) to base 3
-11
Convert -3 (base 13) to base 10.
-3
29 (base 11) to base 6
51
What is -2 (base 4) in base 3?
-2
What is -13 (base 5) in base 2?
-1000
Convert -10 (base 16) to base 8.
-20
Convert 61 (base 13) to base 3.
2221
Convert -3 (base 9) to base 10.
-3
0 (base 7) to base 6
0
-5 (base 7) to base 13
-5
What is 10 (base 4) in base 11?
4
Convert 1001111 (base 2) to base 11.
72
Convert 5 (base 16) to base 2.
101
Convert 10 (base 4) to base 12.
4
Convert -20 (base 7) to base 15.
-e
Convert 4 (base 15) to base 9.
4
What is 1 (base 10) in base 15?
1
3 (base 13) to base 6
3
Convert 6 (base 16) to base 4.
12
What is 12 (base 6) in base 8?
10
Convert -102 (base 5) to base 14.
-1d
What is -12 (base 11) in base 9?
-14
Convert 3b (base 14) to base 11.
49
12 (base 6) to base 5
13
-2 (base 11) to base 5
-2
-56 (base 15) to base 2
-1010001
What is -5 (base 10) in base 2?
-101
What is 2220 (base 5) in base 13?
1ab
What is -79 (base 10) in base 7?
-142
Convert 11011100 (base 2) to base 6.
1004
What is -2 (base 4) in base 2?
-10
What is -43 (base 13) in base 12?
-47
What is 55 (base 14) in base 4?
1023
What is -431 (base 6) in base 13?
-c7
Convert 0 (base 10) to base 2.
0
0 (base 13) to base 11
0
What is 4 (base 12) in base 8?
4
What is 108 (base 9) in base 6?
225
-100 (base 2) to base 4
-10
Convert 9b (base 15) to base 10.
146
-29 (base 15) to base 14
-2b
Convert -13 (base 8) to base 11.
-10
Convert b (base 15) to base 13.
b
-114 (base 7) to base 6
-140
-10 (base 2) to base 13
-2
Convert 15 (base 14) to base 2.
10011
Convert -51 (base 10) to base 4.
-303
What is 212 (base 12) in base 16?
12e
What is -58 (base 13) in base 8?
-111
0 (base 16) to base 10
0
What is 34 (base 7) in base 14?
1b
-a2 (base 16) to base 6
-430
Convert 2110 (base 3) to base 13.
51
Convert -10 (base 14) to base 15.
-e
Convert -b (base 14) to base 9.
-12
2d (base 16) to base 12
39
316 (base 9) to base 5
2013
What is 14c (base 14) in base 10?
264
-32 (base 4) to base 8
-16
-17 (base 14) to base 10
-21
Convert 8 (base 14) to base 3.
22
1 (base 12) to base 16
1
-13 (base 13) to base 3
-121
What is 12011 (base 3) in base 9?
164
What is 214 (base 6) in base 16?
52
Convert 50 (base 10) to base 5.
200
Convert -9 (base 11) to base 16.
-9
13 (base 6) to base 7
12
Convert -3 (base 4) to base 12.
-3
What is 1000000 (base 2) in base 9?
71
2 (base 12) to base 11
2
What is -9 (base 13) in base 2?
-1001
-1 (base 13) to base 12
-1
Convert -4 (base 12) to base 16.
-4
Convert 2230 (base 4) to base 2.
10101100
-20 (base 7) to base 11
-13
Convert -24 (base 8) to base 10.
-20
What is 2 (base 14) in base 9?
2
Convert -11 (base 3) to base 2.
-100
Convert ac (base 15) to base 14.
b8
What is -430 (base 5) in base 10?
-115
What is 2 (base 12) in base 4?
2
5 (base 11) to base 13
5
-c (base 13) to base 11
-11
-11 (base 3) to base 7
-4
89 (base 16) to base 14
9b
18 (base 9) to base 3
122
What is 0 (base 11) in base 14?
0
What is 3 (base 11) in base 8?
3
Convert 0 (base 4) to base 12.
0
-30 (base 7) to base 6
-33
What is -11 (base 12) in base 7?
-16
What is -146 (base 11) in base 2?
-10101011
What is -10 (base 6) in base 4?
-12
-22 (base 13) to base 8
-34
What is 3 (base 15) in base 4?
3
Convert 10 (base 2) to base 14.
2
Convert -294 (base 12) to base 11.
-334
What is 40 (base 15) in base 9?
66
Convert 10 (base 3) to base 12.
3
What is 100 (base 3) in base 11?
9
170 (base 9) to base 13
b1
1b (base 15) to base 14
1c
Convert -6 (base 16) to base 15.
-6
What is -133 (base 5) in base 8?
-53
Convert -2 (base 11) to base 13.
-2
What is 7e (base 16) in base 14?
90
What is -57 (base 10) in base 8?
-71
-44 (base 5) to base 3
-220
What is 50 (base 9) in base 15?
30
What is -66 (base 14) in base 4?
-1122
Convert 102 (base 9) to base 13.
65
Convert 10 (base 3) to base 12.
3
-1310 (base 5) to base 15
-da
31 (base 12) to base 16
25
What is -22 (base 11) in base 16?
-18
What is 16 (base 10) in base 14?
12
8 (base 11) to base 12
8
What is 14 (base 10) in base 16?
e
-4 (base 14) to base 12
-4
What is -21 (base 6) in base 2?
-1101
What is -67 (base 16) in base 4?
-1213
Convert 1110000 (base 2) to base 12.
94
What is 0 (base 9) in base 13?
0
Convert 13 (base 8) to base 13.
b
Convert 5 (base 12) to base 2.
101
What is -2 (base 8) in base 16?
-2
What is -6 (base 9) in base 4?
-12
-4 (base 14) to base 8
-4
What is 6 (base 11) in base 14?
6
Convert 10 (base 3) to base 5.
3
16 (base 14) to base 13
17
Convert 8 (base 16) to base 9.
8
What is -1011 (base 3) in base 7?
-43
What is 12 (base 11) in base 14?
d
What is 4 (base 8) in base 11?
4
Convert 2 (base 7) to base 11.
2
What is 1 (base 12) in base 2?
1
What is 25 (base 6) in base 9?
18
Convert 73 (base 12) to base 9.
106
Convert -8a (base 16) to base 3.
-12010
Convert 105 (base 7) to base 16.
36
Convert 2a (base 12) to base 10.
34
Convert -10 (base 3) to base 16.
-3
-40 (base 8) to base 3
-1012
What is 125 (base 12) in base 3?
20102
What is 142 (base 11) in base 4?
2213
What is 1103 (base 4) in base 16?
53
What is 43 (base 5) in base 7?
32
What is 11 (base 12) in base 6?
21
Convert 0 (base 4) to base 9.
0
27 (base 9) to base 11
23
What is -6b (base 12) in base 9?
-102
-11 (base 13) to base 5
-24
Convert -21 (base 3) to base 7.
-10
Convert 122 (base 3) to base 10.
17
Convert -4 (base 8) to base 16.
-4
10 (base 3) to base 10
3
Convert -1c (base 13) to base 4.
-121
Convert -134 (base 5) to base 4.
-230
Convert -324 (base 6) to base 16.
-7c
What is -135 (base 7) in base 10?
-75
Convert -200 (base 3) to base 15.
-13
What is -12 (base 3) in base 2?
-101
What is 3 (base 5) in base 11?
3
Convert 86 (base 11) to base 10.
94
Convert 2 (base 12) to base 10.
2
Convert 86 (base 14) to base 4.
1312
-144 (base 7) to base 8
-121
Convert -11 (base 8) to base 16.
-9
What is -121 (base 4) in base 12?
-21
Convert -32 (base 9) to base 12.
-25
What is -1300 (base 4) in base 8?
-160
What is 2 (base 5) in base 16?
2
Convert 2 (base 10) to base 11.
2
-3a (base 16) to base 4
-322
What is 1 (base 8) in base 16?
1
-4 (base 5) to base 6
-4
0 (base 9) to base 14
0
Convert -d (base 14) to base 7.
-16
What is 90 (base 12) in base 6?
300
What is 7c (base 15) in base 2?
1110101
44 (base 6) to base 12
24
What is 10 (base 2) in base 13?
2
2 (base 9) to base 3
2
What is b (base 13) in base 4?
23
Convert -11100111 (base 2) to base 12.
-173
Convert 101010110 (base 2) to base 5.
2332
a (base 16) to base 3
101
What is -153 (base 8) in base 13?
-83
-3 (base 4) to base 14
-3
4 (base 10) to base 4
10
Convert 2 (base 6) to base 13.
2
What is -13 (base 16) in base 10?
-19
9 (base 14) to base 2
1001
What is -71 (base 8) in base 12?
-49
Convert -1 (base 2) to base 15.
-1
What is -2f (base 16) in base 15?
-32
What is 25 (base 6) in base 13?
14
Convert 2 (base 14) to base 8.
2
What is -2 (base 8) in base 15?
-2
Convert -402 (base 9) to base 3.
-110002
What is -11100 (base 2) in base 14?
-20
Convert 111 (base 7) to base 15.
3c
1 (base 7) to base 8
1
What is -8d (base 15) in base 7?
-250
What is -12 (base 8) in base 2?
-1010
Convert 37 (base 8) to base 3.
1011
-422 (base 6) to base 13
-c2
What is 20 (base 12) in base 15?
19
Convert -35 (base 7) to base 6.
-42
Convert 1 (base 6) to base 2.
1
Convert 11 (base 4) to base 9.
5
What is -3 (base 8) in base 2?
-11
What is -1 (base 6) in base 13?
-1
Convert -13 (base 16) to base 11.
-18
What is -211 (base 6) in base 11?
-72
What is -2 (base 5) in base 13?
-2
What is -18d (base 14) in base 11?
-272
12 (base 9) to base 10
11
What is 305 (base 7) in base 5?
1102
56 (base 9) to base 11
47
14 (base 7) to base 6
15
What is -20 (base 14) in base 4?
-130
Convert 2 (base 6) to base 4.
2
Convert 21 (base 7) to base 15.
10
What is -14 (base 8) in base 6?
-20
Convert 1 (base 4) to base 7.
1
Convert 0 (base 9) to base 13.
0
What is -3 (base 5) in base 13?
-3
-3 (base 6) to base 8
-3
Convert -120 (base 3) to base 15.
-10
What